{"id":15,"date":"2022-08-20T04:36:30","date_gmt":"2022-08-20T04:36:30","guid":{"rendered":"https:\/\/abcbureautique.com\/?page_id=15"},"modified":"2026-03-04T14:46:48","modified_gmt":"2026-03-04T14:46:48","slug":"nos-activites","status":"publish","type":"page","link":"https:\/\/abcbureautique.com\/?page_id=15","title":{"rendered":"Nos activit\u00e9s"},"content":{"rendered":"\t\t<div data-elementor-type=\"wp-page\" data-elementor-id=\"15\" class=\"elementor elementor-15\">\n\t\t\t\t\t\t<section class=\"elementor-section elementor-top-section elementor-element elementor-element-978ef89 elementor-section-boxed elementor-section-height-default elementor-section-height-default\" data-id=\"978ef89\" data-element_type=\"section\">\n\t\t\t\t\t\t<div class=\"elementor-container elementor-column-gap-default\">\n\t\t\t\t\t<div class=\"elementor-column elementor-col-100 elementor-top-column elementor-element elementor-element-9e0ef94\" data-id=\"9e0ef94\" data-element_type=\"column\">\n\t\t\t<div class=\"elementor-widget-wrap elementor-element-populated\">\n\t\t\t\t\t\t<div class=\"elementor-element elementor-element-4db1b82 elementor-widget elementor-widget-image-gallery\" data-id=\"4db1b82\" data-element_type=\"widget\" data-widget_type=\"image-gallery.default\">\n\t\t\t\t<div class=\"elementor-widget-container\">\n\t\t\t\t\t\t\t<div class=\"elementor-image-gallery\">\n\t\t\t<div id='gallery-1' class='gallery galleryid-15 gallery-columns-3 gallery-size-large'><figure class='gallery-item'>\n\t\t\t<div class='gallery-icon landscape'>\n\t\t\t\t<a data-elementor-open-lightbox=\"yes\" data-elementor-lightbox-slideshow=\"4db1b82\" data-elementor-lightbox-title=\"Vente-300x300\" data-e-action-hash=\"#elementor-action%3Aaction%3Dlightbox%26settings%3DeyJpZCI6MTAwLCJ1cmwiOiJodHRwczpcL1wvYWJjYnVyZWF1dGlxdWUuY29tXC93cC1jb250ZW50XC91cGxvYWRzXC8yMDIyXC8wOFwvVmVudGUtMzAweDMwMC0xLnBuZyIsInNsaWRlc2hvdyI6IjRkYjFiODIifQ%3D%3D\" href='https:\/\/abcbureautique.com\/wp-content\/uploads\/2022\/08\/Vente-300x300-1.png'><img fetchpriority=\"high\" decoding=\"async\" width=\"300\" height=\"300\" src=\"https:\/\/abcbureautique.com\/wp-content\/uploads\/2022\/08\/Vente-300x300-1.png\" class=\"attachment-large size-large\" alt=\"\" srcset=\"https:\/\/abcbureautique.com\/wp-content\/uploads\/2022\/08\/Vente-300x300-1.png 300w, https:\/\/abcbureautique.com\/wp-content\/uploads\/2022\/08\/Vente-300x300-1-150x150.png 150w\" sizes=\"(max-width: 300px) 100vw, 300px\" \/><\/a>\n\t\t\t<\/div><\/figure><figure class='gallery-item'>\n\t\t\t<div class='gallery-icon landscape'>\n\t\t\t\t<a data-elementor-open-lightbox=\"yes\" data-elementor-lightbox-slideshow=\"4db1b82\" data-elementor-lightbox-title=\"Vente-1-300x300\" data-e-action-hash=\"#elementor-action%3Aaction%3Dlightbox%26settings%3DeyJpZCI6OTgsInVybCI6Imh0dHBzOlwvXC9hYmNidXJlYXV0aXF1ZS5jb21cL3dwLWNvbnRlbnRcL3VwbG9hZHNcLzIwMjJcLzA4XC9WZW50ZS0xLTMwMHgzMDAtMS5wbmciLCJzbGlkZXNob3ciOiI0ZGIxYjgyIn0%3D\" href='https:\/\/abcbureautique.com\/wp-content\/uploads\/2022\/08\/Vente-1-300x300-1.png'><img decoding=\"async\" width=\"300\" height=\"300\" src=\"https:\/\/abcbureautique.com\/wp-content\/uploads\/2022\/08\/Vente-1-300x300-1.png\" class=\"attachment-large size-large\" alt=\"\" srcset=\"https:\/\/abcbureautique.com\/wp-content\/uploads\/2022\/08\/Vente-1-300x300-1.png 300w, https:\/\/abcbureautique.com\/wp-content\/uploads\/2022\/08\/Vente-1-300x300-1-150x150.png 150w\" sizes=\"(max-width: 300px) 100vw, 300px\" \/><\/a>\n\t\t\t<\/div><\/figure><figure class='gallery-item'>\n\t\t\t<div class='gallery-icon landscape'>\n\t\t\t\t<a data-elementor-open-lightbox=\"yes\" data-elementor-lightbox-slideshow=\"4db1b82\" data-elementor-lightbox-title=\"Vente-2-300x300\" data-e-action-hash=\"#elementor-action%3Aaction%3Dlightbox%26settings%3DeyJpZCI6OTksInVybCI6Imh0dHBzOlwvXC9hYmNidXJlYXV0aXF1ZS5jb21cL3dwLWNvbnRlbnRcL3VwbG9hZHNcLzIwMjJcLzA4XC9WZW50ZS0yLTMwMHgzMDAtMS5wbmciLCJzbGlkZXNob3ciOiI0ZGIxYjgyIn0%3D\" href='https:\/\/abcbureautique.com\/wp-content\/uploads\/2022\/08\/Vente-2-300x300-1.png'><img decoding=\"async\" width=\"300\" height=\"300\" src=\"https:\/\/abcbureautique.com\/wp-content\/uploads\/2022\/08\/Vente-2-300x300-1.png\" class=\"attachment-large size-large\" alt=\"\" srcset=\"https:\/\/abcbureautique.com\/wp-content\/uploads\/2022\/08\/Vente-2-300x300-1.png 300w, https:\/\/abcbureautique.com\/wp-content\/uploads\/2022\/08\/Vente-2-300x300-1-150x150.png 150w\" sizes=\"(max-width: 300px) 100vw, 300px\" \/><\/a>\n\t\t\t<\/div><\/figure>\n\t\t<\/div>\n\t\t<\/div>\n\t\t\t\t\t\t<\/div>\n\t\t\t\t<\/div>\n\t\t\t\t\t<\/div>\n\t\t<\/div>\n\t\t\t\t\t<\/div>\n\t\t<\/section>\n\t\t\t\t<section class=\"elementor-section elementor-top-section elementor-element elementor-element-757653e elementor-section-boxed elementor-section-height-default elementor-section-height-default\" data-id=\"757653e\" data-element_type=\"section\">\n\t\t\t\t\t\t<div class=\"elementor-container elementor-column-gap-default\">\n\t\t\t\t\t<div class=\"elementor-column elementor-col-100 elementor-top-column elementor-element elementor-element-c5cc570\" data-id=\"c5cc570\" data-element_type=\"column\">\n\t\t\t<div class=\"elementor-widget-wrap elementor-element-populated\">\n\t\t\t\t\t\t<div class=\"elementor-element elementor-element-5191925 elementor-widget__width-initial elementor-widget elementor-widget-text-editor\" data-id=\"5191925\" data-element_type=\"widget\" data-widget_type=\"text-editor.default\">\n\t\t\t\t<div class=\"elementor-widget-container\">\n\t\t\t\t\t\t\t\t\t<p class=\"font_8\" style=\"margin-bottom: 0px; background: transparent; pointer-events: auto; font-style: normal; font-variant-ligatures: normal; font-variant-caps: normal; font-weight: 400; font-size: 17px; line-height: 1.4em; color: rgb(var(--color_15));\"><span class=\"color_11\" style=\"background: transparent; color: rgb(var(--color_11));\">Vente de mat\u00e9riel neuf et d&rsquo;occasion,<\/span><\/p><p class=\"font_8\" style=\"margin-bottom: 0px; background: transparent; pointer-events: auto; font-style: normal; font-variant-ligatures: normal; font-variant-caps: normal; font-weight: 400; font-size: 17px; line-height: 1.4em; color: rgb(var(--color_15));\"><span class=\"color_11\" style=\"background: transparent; color: rgb(var(--color_11));\">Photocopieur, Imprimante et Informatique.<\/span><\/p>\t\t\t\t\t\t\t\t<\/div>\n\t\t\t\t<\/div>\n\t\t\t\t<div class=\"elementor-element elementor-element-3636bb2 elementor-widget__width-initial elementor-widget elementor-widget-text-editor\" data-id=\"3636bb2\" data-element_type=\"widget\" data-widget_type=\"text-editor.default\">\n\t\t\t\t<div class=\"elementor-widget-container\">\n\t\t\t\t\t\t\t\t\t<p class=\"font_8\" style=\"margin-bottom: 0px; background: transparent; pointer-events: auto; font-style: normal; font-variant-ligatures: normal; font-variant-caps: normal; font-weight: 400; font-size: 17px; line-height: 1.4em; color: rgb(var(--color_15));\"><span style=\"background-color: transparent; color: rgb(var(--color_11)); font-size: 17px;\">Votre partenaire financier pour des solutions de locations financi\u00e8res ou cr\u00e9dit bail.<\/span><\/p><p class=\"font_8\" style=\"margin-bottom: 0px; background: transparent; pointer-events: auto; font-style: normal; font-variant-ligatures: normal; font-variant-caps: normal; font-weight: 400; font-size: 17px; line-height: 1.4em; color: rgb(var(--color_15));\"><span class=\"color_11\" style=\"background: transparent; color: rgb(var(--color_11));\">Suivant vos besoins et votre situation, une \u00e9tude personnalis\u00e9e vous sera propos\u00e9e par l&rsquo;\u00e9quipe ABC BUREAUTIQUE.<\/span><\/p>\t\t\t\t\t\t\t\t<\/div>\n\t\t\t\t<\/div>\n\t\t\t\t<div class=\"elementor-element elementor-element-2721c1e elementor-widget__width-initial elementor-widget elementor-widget-text-editor\" data-id=\"2721c1e\" data-element_type=\"widget\" data-widget_type=\"text-editor.default\">\n\t\t\t\t<div class=\"elementor-widget-container\">\n\t\t\t\t\t\t\t\t\t<p class=\"font_8\" style=\"margin-bottom: 0px; background: transparent; pointer-events: auto; font-style: normal; font-variant-ligatures: normal; font-variant-caps: normal; font-weight: 400; font-size: 17px; line-height: 1.4em; color: rgb(var(--color_15));\"><span style=\"background-color: transparent; color: rgb(var(--color_11)); font-size: 17px;\"><strong>R\u00e9paration toutes marques\u00a0<\/strong><br \/>D\u00e9lai d&rsquo;intervention sous 4 heures\u00a0<br \/>Pi\u00e8ces, main d&rsquo;oeuvre, d\u00e9placements<br \/>Maintenance pr\u00e9ventive\u00a0<br \/>Consommables<\/span><\/p>\t\t\t\t\t\t\t\t<\/div>\n\t\t\t\t<\/div>\n\t\t\t\t\t<\/div>\n\t\t<\/div>\n\t\t\t\t\t<\/div>\n\t\t<\/section>\n\t\t\t\t<section class=\"elementor-section elementor-top-section elementor-element elementor-element-1a491ab elementor-section-boxed elementor-section-height-default elementor-section-height-default\" data-id=\"1a491ab\" data-element_type=\"section\">\n\t\t\t\t\t\t<div class=\"elementor-container elementor-column-gap-default\">\n\t\t\t\t\t<div class=\"elementor-column elementor-col-100 elementor-top-column elementor-element elementor-element-90b2801\" data-id=\"90b2801\" data-element_type=\"column\">\n\t\t\t<div class=\"elementor-widget-wrap elementor-element-populated\">\n\t\t\t\t\t\t<div class=\"elementor-element elementor-element-8ae670a elementor-widget elementor-widget-image\" data-id=\"8ae670a\" data-element_type=\"widget\" data-widget_type=\"image.default\">\n\t\t\t\t<div class=\"elementor-widget-container\">\n\t\t\t\t\t\t\t\t\t\t\t\t\t\t\t<img loading=\"lazy\" decoding=\"async\" width=\"1024\" height=\"233\" src=\"https:\/\/abcbureautique.com\/wp-content\/uploads\/2026\/03\/mail-1024x233.png\" class=\"attachment-large size-large wp-image-313\" alt=\"\" srcset=\"https:\/\/abcbureautique.com\/wp-content\/uploads\/2026\/03\/mail-1024x233.png 1024w, https:\/\/abcbureautique.com\/wp-content\/uploads\/2026\/03\/mail-300x68.png 300w, https:\/\/abcbureautique.com\/wp-content\/uploads\/2026\/03\/mail-768x175.png 768w, https:\/\/abcbureautique.com\/wp-content\/uploads\/2026\/03\/mail.png 1298w\" sizes=\"(max-width: 1024px) 100vw, 1024px\" \/>\t\t\t\t\t\t\t\t\t\t\t\t\t\t\t<\/div>\n\t\t\t\t<\/div>\n\t\t\t\t\t<\/div>\n\t\t<\/div>\n\t\t\t\t\t<\/div>\n\t\t<\/section>\n\t\t\t\t<section class=\"elementor-section elementor-top-section elementor-element elementor-element-e3bf33c elementor-section-content-middle elementor-section-boxed elementor-section-height-default elementor-section-height-default\" data-id=\"e3bf33c\" data-element_type=\"section\" data-settings=\"{&quot;background_background&quot;:&quot;classic&quot;}\">\n\t\t\t\t\t\t<div class=\"elementor-container elementor-column-gap-wider\">\n\t\t\t\t\t<div class=\"elementor-column elementor-col-100 elementor-top-column elementor-element elementor-element-d957c22\" data-id=\"d957c22\" data-element_type=\"column\">\n\t\t\t<div class=\"elementor-widget-wrap elementor-element-populated\">\n\t\t\t\t\t\t<div class=\"elementor-element elementor-element-89e0948 elementor-widget elementor-widget-heading\" data-id=\"89e0948\" data-element_type=\"widget\" data-widget_type=\"heading.default\">\n\t\t\t\t<div class=\"elementor-widget-container\">\n\t\t\t\t\t<h2 class=\"elementor-heading-title elementor-size-default\">NOUVEAU IMPRESSION GRAND FORMAT A0 ET SCAN A0 SUR USB<\/h2>\t\t\t\t<\/div>\n\t\t\t\t<\/div>\n\t\t\t\t\t<\/div>\n\t\t<\/div>\n\t\t\t\t\t<\/div>\n\t\t<\/section>\n\t\t\t\t<section class=\"elementor-section elementor-top-section elementor-element elementor-element-04cd913 elementor-section-boxed elementor-section-height-default elementor-section-height-default\" data-id=\"04cd913\" data-element_type=\"section\">\n\t\t\t\t\t\t<div class=\"elementor-container elementor-column-gap-default\">\n\t\t\t\t\t<div class=\"elementor-column elementor-col-100 elementor-top-column elementor-element elementor-element-2aa9014\" data-id=\"2aa9014\" data-element_type=\"column\">\n\t\t\t<div class=\"elementor-widget-wrap elementor-element-populated\">\n\t\t\t\t\t\t<div class=\"elementor-element elementor-element-42991c5 elementor-widget elementor-widget-image\" data-id=\"42991c5\" data-element_type=\"widget\" data-widget_type=\"image.default\">\n\t\t\t\t<div class=\"elementor-widget-container\">\n\t\t\t\t\t\t\t\t\t\t\t\t\t\t\t<img loading=\"lazy\" decoding=\"async\" width=\"1024\" height=\"1024\" src=\"https:\/\/abcbureautique.com\/wp-content\/uploads\/2025\/04\/traceur-canon-ipf-tm-350-6246C003AA-1024x1024.jpg\" class=\"attachment-large size-large wp-image-289\" alt=\"\" srcset=\"https:\/\/abcbureautique.com\/wp-content\/uploads\/2025\/04\/traceur-canon-ipf-tm-350-6246C003AA-1024x1024.jpg 1024w, https:\/\/abcbureautique.com\/wp-content\/uploads\/2025\/04\/traceur-canon-ipf-tm-350-6246C003AA-300x300.jpg 300w, https:\/\/abcbureautique.com\/wp-content\/uploads\/2025\/04\/traceur-canon-ipf-tm-350-6246C003AA-150x150.jpg 150w, https:\/\/abcbureautique.com\/wp-content\/uploads\/2025\/04\/traceur-canon-ipf-tm-350-6246C003AA-768x768.jpg 768w, https:\/\/abcbureautique.com\/wp-content\/uploads\/2025\/04\/traceur-canon-ipf-tm-350-6246C003AA-600x600.jpg 600w, https:\/\/abcbureautique.com\/wp-content\/uploads\/2025\/04\/traceur-canon-ipf-tm-350-6246C003AA.jpg 1280w\" sizes=\"(max-width: 1024px) 100vw, 1024px\" \/>\t\t\t\t\t\t\t\t\t\t\t\t\t\t\t<\/div>\n\t\t\t\t<\/div>\n\t\t\t\t\t<\/div>\n\t\t<\/div>\n\t\t\t\t\t<\/div>\n\t\t<\/section>\n\t\t\t\t<\/div>\n\t\t","protected":false},"excerpt":{"rendered":"<p>Vente de mat\u00e9riel neuf et d&rsquo;occasion, Photocopieur, Imprimante et Informatique. Votre partenaire financier pour des solutions de locations financi\u00e8res ou cr\u00e9dit bail. Suivant vos besoins et votre situation, une \u00e9tude personnalis\u00e9e vous sera propos\u00e9e par l&rsquo;\u00e9quipe ABC BUREAUTIQUE. R\u00e9paration toutes marques\u00a0D\u00e9lai d&rsquo;intervention sous 4 heures\u00a0Pi\u00e8ces, main d&rsquo;oeuvre, d\u00e9placementsMaintenance pr\u00e9ventive\u00a0Consommables NOUVEAU IMPRESSION GRAND FORMAT A0 ET [&hellip;]<\/p>\n","protected":false},"author":1,"featured_media":0,"parent":0,"menu_order":0,"comment_status":"closed","ping_status":"closed","template":"","meta":{"footnotes":""},"class_list":["post-15","page","type-page","status-publish","hentry","entry"],"_links":{"self":[{"href":"https:\/\/abcbureautique.com\/index.php?rest_route=\/wp\/v2\/pages\/15","targetHints":{"allow":["GET"]}}],"collection":[{"href":"https:\/\/abcbureautique.com\/index.php?rest_route=\/wp\/v2\/pages"}],"about":[{"href":"https:\/\/abcbureautique.com\/index.php?rest_route=\/wp\/v2\/types\/page"}],"author":[{"embeddable":true,"href":"https:\/\/abcbureautique.com\/index.php?rest_route=\/wp\/v2\/users\/1"}],"replies":[{"embeddable":true,"href":"https:\/\/abcbureautique.com\/index.php?rest_route=%2Fwp%2Fv2%2Fcomments&post=15"}],"version-history":[{"count":13,"href":"https:\/\/abcbureautique.com\/index.php?rest_route=\/wp\/v2\/pages\/15\/revisions"}],"predecessor-version":[{"id":316,"href":"https:\/\/abcbureautique.com\/index.php?rest_route=\/wp\/v2\/pages\/15\/revisions\/316"}],"wp:attachment":[{"href":"https:\/\/abcbureautique.com\/index.php?rest_route=%2Fwp%2Fv2%2Fmedia&parent=15"}],"curies":[{"name":"wp","href":"https:\/\/api.w.org\/{rel}","templated":true}]}}