{"id":20,"date":"2022-08-20T04:37:57","date_gmt":"2022-08-20T04:37:57","guid":{"rendered":"https:\/\/abcbureautique.com\/?page_id=20"},"modified":"2022-08-23T18:55:32","modified_gmt":"2022-08-23T18:55:32","slug":"qui-sommes-nous","status":"publish","type":"page","link":"https:\/\/abcbureautique.com\/?page_id=20","title":{"rendered":"Qui sommes-nous ?"},"content":{"rendered":"\t\t<div data-elementor-type=\"wp-page\" data-elementor-id=\"20\" class=\"elementor elementor-20\">\n\t\t\t\t\t\t<section class=\"elementor-section elementor-top-section elementor-element elementor-element-9e96553 elementor-section-boxed elementor-section-height-default elementor-section-height-default\" data-id=\"9e96553\" data-element_type=\"section\">\n\t\t\t\t\t\t<div class=\"elementor-container elementor-column-gap-default\">\n\t\t\t\t\t<div class=\"elementor-column elementor-col-100 elementor-top-column elementor-element elementor-element-00232a7\" data-id=\"00232a7\" data-element_type=\"column\">\n\t\t\t<div class=\"elementor-widget-wrap elementor-element-populated\">\n\t\t\t\t\t\t<div class=\"elementor-element elementor-element-91cf582 elementor-widget elementor-widget-text-editor\" data-id=\"91cf582\" data-element_type=\"widget\" data-widget_type=\"text-editor.default\">\n\t\t\t\t<div class=\"elementor-widget-container\">\n\t\t\t\t\t\t\t\t\t<p class=\"font_8\" style=\"margin-bottom: 0px; background: transparent; pointer-events: auto; font-style: normal; font-variant-ligatures: normal; font-variant-caps: normal; font-weight: 400; font-size: 17px; line-height: normal; color: rgb(var(--color_15));\"><span style=\"background: transparent; color: #000000;\"><span style=\"background: transparent; font-weight: bold;\">Cr\u00e9\u00e9e en 1996 et localis\u00e9e sur la r\u00e9gion de NICE, ABC Bureautique est sp\u00e9cialis\u00e9e dans la vente,\u00a0location, r\u00e9paration, maintenance et installation (connexion en r\u00e9seau\u2026) de photocopieur, imprimantes (Noir\/Blanc et Couleur) toutes marques.<\/span><\/span><\/p><p class=\"font_8\" style=\"margin-bottom: 0px; background: transparent; pointer-events: auto; font-style: normal; font-variant-ligatures: normal; font-variant-caps: normal; font-weight: 400; font-size: 17px; line-height: normal; color: rgb(var(--color_15));\"><span style=\"background: transparent; color: #000000;\"><span style=\"background: transparent; font-weight: bold;\">\u00a0<\/span><\/span><\/p><p class=\"font_8\" style=\"margin-bottom: 0px; background: transparent; pointer-events: auto; font-style: normal; font-variant-ligatures: normal; font-variant-caps: normal; font-weight: 400; font-size: 17px; line-height: normal; color: rgb(var(--color_15));\"><span style=\"background: transparent; color: #000000;\"><span style=\"background: transparent; font-weight: bold;\">Nos locaux se situent \u00e0 Contes, sur un site disposant d\u2019une surface de 130m\u00b2. Notre secteur d\u2019intervention s\u2019\u00e9tend \u00e0 tout le d\u00e9partement des Alpes Maritimes\u00a0et de l&rsquo;est Varois.<\/span><\/span><\/p><p class=\"font_8\" style=\"margin-bottom: 0px; background: transparent; pointer-events: auto; font-style: normal; font-variant-ligatures: normal; font-variant-caps: normal; font-weight: 400; font-size: 17px; line-height: normal; color: rgb(var(--color_15));\"><span style=\"background: transparent; color: #000000;\"><span style=\"background: transparent; font-weight: bold;\"><br \/>Nous sommes sp\u00e9cialis\u00e9s dans la\u00a0distribution et la\u00a0maintenance des produits de la marque\u00a0Canon et assurons \u00e9galement la\u00a0vente de consommables ainsi que\u00a0le d\u00e9pannage\u00a0et la\u00a0maintenance\u00a0de\u00a0toutes les marques :\u00a0Canon,\u00a0Ricoh,\u00a0Kyocera,\u00a0HP, Samsung,\u00a0Oki,\u00a0Brother,\u00a0Epson etc&#8230;<\/span><\/span><\/p><p class=\"font_8\" style=\"margin-bottom: 0px; background: transparent; pointer-events: auto; font-style: normal; font-variant-ligatures: normal; font-variant-caps: normal; font-weight: 400; font-size: 17px; line-height: normal; color: rgb(var(--color_15));\"><span style=\"background: transparent; color: #000000;\"><span style=\"background: transparent; font-weight: bold;\">\u00a0<\/span><\/span><\/p><p class=\"font_8\" style=\"margin-bottom: 0px; background: transparent; pointer-events: auto; font-style: normal; font-variant-ligatures: normal; font-variant-caps: normal; font-weight: 400; font-size: 17px; line-height: normal; color: rgb(var(--color_15));\"><span style=\"background: transparent; color: #000000;\"><span style=\"background: transparent; font-weight: bold;\">Nous r\u00e9parons des traceurs CANON, HP, EPSON.<\/span><\/span><\/p><p class=\"font_8\" style=\"margin-bottom: 0px; background: transparent; pointer-events: auto; font-style: normal; font-variant-ligatures: normal; font-variant-caps: normal; font-weight: 400; font-size: 17px; line-height: normal; color: rgb(var(--color_15));\"><span style=\"background: transparent; color: #000000;\"><span style=\"background: transparent; font-weight: bold;\">\u00a0<\/span><\/span><\/p><p class=\"font_8\" style=\"margin-bottom: 0px; background: transparent; pointer-events: auto; font-style: normal; font-variant-ligatures: normal; font-variant-caps: normal; font-weight: 400; font-size: 17px; line-height: normal; color: rgb(var(--color_15));\"><span style=\"background: transparent; color: #000000;\"><span style=\"background: transparent; font-weight: bold;\">Sur simple appel t\u00e9l\u00e9phonique, notre service technique se d\u00e9place sur site ou \u00e0 domicile et pour toutes interventions, vous \u00e9tablira un devis gratuit.<\/span><\/span><\/p><p class=\"font_8\" style=\"margin-bottom: 0px; background: transparent; pointer-events: auto; font-style: normal; font-variant-ligatures: normal; font-variant-caps: normal; font-weight: 400; font-size: 17px; line-height: normal; color: rgb(var(--color_15));\"><span style=\"background: transparent; color: #000000;\"><span style=\"background: transparent; font-weight: bold;\">\u00a0<\/span><\/span><\/p><p class=\"font_8\" style=\"margin-bottom: 0px; background: transparent; pointer-events: auto; font-style: normal; font-variant-ligatures: normal; font-variant-caps: normal; font-weight: 400; font-size: 17px; line-height: normal; color: rgb(var(--color_15));\"><span style=\"background: transparent; color: #000000;\"><span style=\"background: transparent; font-weight: bold;\">Distributeur Canon, marque\u00a0leader\u00a0sur le march\u00e9, ABC BUREAUTIQUE commercialise et assure la maintenance de tous les types de copieurs, fax, scanners et imprimantes sur l&rsquo;ensemble des Alpes Maritimes et de l&rsquo;est Varois.<\/span><\/span><\/p><p class=\"font_8\" style=\"margin-bottom: 0px; background: transparent; pointer-events: auto; font-style: normal; font-variant-ligatures: normal; font-variant-caps: normal; font-weight: 400; font-size: 17px; line-height: normal; color: rgb(var(--color_15));\"><span style=\"background: transparent; color: #000000;\"><span style=\"background: transparent; font-weight: bold;\">\u00a0<\/span><\/span><\/p><p class=\"font_8\" style=\"margin-bottom: 0px; background: transparent; pointer-events: auto; font-style: normal; font-variant-ligatures: normal; font-variant-caps: normal; font-weight: 400; font-size: 17px; line-height: normal; color: rgb(var(--color_15));\"><span style=\"background: transparent; color: #000000;\"><span style=\"background: transparent; font-weight: bold;\">\u00a0<\/span><\/span><\/p><p class=\"font_8\" style=\"margin-bottom: 0px; background: transparent; pointer-events: auto; font-style: normal; font-variant-ligatures: normal; font-variant-caps: normal; font-weight: 400; font-size: 17px; line-height: normal; color: rgb(var(--color_15));\"><span style=\"background: transparent; color: #000000;\"><span style=\"background: transparent; font-weight: bold;\">\u00a0<\/span><\/span><\/p><p class=\"font_8\" style=\"margin-bottom: 0px; background: transparent; pointer-events: auto; font-style: normal; font-variant-ligatures: normal; font-variant-caps: normal; font-weight: 400; font-size: 17px; line-height: normal; color: rgb(var(--color_15));\"><span style=\"background: transparent; color: #000000;\"><span style=\"background: transparent; font-weight: bold;\">\u00a0<\/span><\/span><\/p>\t\t\t\t\t\t\t\t<\/div>\n\t\t\t\t<\/div>\n\t\t\t\t\t<\/div>\n\t\t<\/div>\n\t\t\t\t\t<\/div>\n\t\t<\/section>\n\t\t\t\t<section class=\"elementor-section elementor-top-section elementor-element elementor-element-0645050 elementor-section-boxed elementor-section-height-default elementor-section-height-default\" data-id=\"0645050\" data-element_type=\"section\">\n\t\t\t\t\t\t<div class=\"elementor-container elementor-column-gap-default\">\n\t\t\t\t\t<div class=\"elementor-column elementor-col-100 elementor-top-column elementor-element elementor-element-7d7f26d\" data-id=\"7d7f26d\" data-element_type=\"column\">\n\t\t\t<div class=\"elementor-widget-wrap elementor-element-populated\">\n\t\t\t\t\t\t<div class=\"elementor-element elementor-element-7db5ed8 gallery-spacing-custom elementor-widget elementor-widget-image-gallery\" data-id=\"7db5ed8\" data-element_type=\"widget\" data-widget_type=\"image-gallery.default\">\n\t\t\t\t<div class=\"elementor-widget-container\">\n\t\t\t\t\t\t\t<div class=\"elementor-image-gallery\">\n\t\t\t<div id='gallery-1' class='gallery galleryid-20 gallery-columns-3 gallery-size-medium_large'><figure class='gallery-item'>\n\t\t\t<div class='gallery-icon landscape'>\n\t\t\t\t<a data-elementor-open-lightbox=\"yes\" data-elementor-lightbox-slideshow=\"7db5ed8\" data-elementor-lightbox-title=\"\u00a9-jcomp-fr.freepik.com_-1024x684\" data-e-action-hash=\"#elementor-action%3Aaction%3Dlightbox%26settings%3DeyJpZCI6OTUsInVybCI6Imh0dHBzOlwvXC9hYmNidXJlYXV0aXF1ZS5jb21cL3dwLWNvbnRlbnRcL3VwbG9hZHNcLzIwMjJcLzA4XC9cdTAwYTktamNvbXAtZnIuZnJlZXBpay5jb21fLTEwMjR4Njg0LTEuanBnIiwic2xpZGVzaG93IjoiN2RiNWVkOCJ9\" href='https:\/\/abcbureautique.com\/wp-content\/uploads\/2022\/08\/\u00a9-jcomp-fr.freepik.com_-1024x684-1.jpg'><img fetchpriority=\"high\" decoding=\"async\" width=\"768\" height=\"513\" src=\"https:\/\/abcbureautique.com\/wp-content\/uploads\/2022\/08\/\u00a9-jcomp-fr.freepik.com_-1024x684-1-768x513.jpg\" class=\"attachment-medium_large size-medium_large\" alt=\"\" srcset=\"https:\/\/abcbureautique.com\/wp-content\/uploads\/2022\/08\/\u00a9-jcomp-fr.freepik.com_-1024x684-1-768x513.jpg 768w, https:\/\/abcbureautique.com\/wp-content\/uploads\/2022\/08\/\u00a9-jcomp-fr.freepik.com_-1024x684-1-300x200.jpg 300w, https:\/\/abcbureautique.com\/wp-content\/uploads\/2022\/08\/\u00a9-jcomp-fr.freepik.com_-1024x684-1.jpg 1024w\" sizes=\"(max-width: 768px) 100vw, 768px\" \/><\/a>\n\t\t\t<\/div><\/figure><figure class='gallery-item'>\n\t\t\t<div class='gallery-icon landscape'>\n\t\t\t\t<a data-elementor-open-lightbox=\"yes\" data-elementor-lightbox-slideshow=\"7db5ed8\" data-elementor-lightbox-title=\"image\" data-e-action-hash=\"#elementor-action%3Aaction%3Dlightbox%26settings%3DeyJpZCI6OTcsInVybCI6Imh0dHBzOlwvXC9hYmNidXJlYXV0aXF1ZS5jb21cL3dwLWNvbnRlbnRcL3VwbG9hZHNcLzIwMjJcLzA4XC9cdTAwYTktcmF3cGl4ZWwuY29tLXd3dy5mcmVlcGlrLmNvbV8tMTAyNHg2ODMtMS5qcGciLCJzbGlkZXNob3ciOiI3ZGI1ZWQ4In0%3D\" href='https:\/\/abcbureautique.com\/wp-content\/uploads\/2022\/08\/\u00a9-rawpixel.com-www.freepik.com_-1024x683-1.jpg'><img decoding=\"async\" width=\"768\" height=\"512\" src=\"https:\/\/abcbureautique.com\/wp-content\/uploads\/2022\/08\/\u00a9-rawpixel.com-www.freepik.com_-1024x683-1-768x512.jpg\" class=\"attachment-medium_large size-medium_large\" alt=\"\" srcset=\"https:\/\/abcbureautique.com\/wp-content\/uploads\/2022\/08\/\u00a9-rawpixel.com-www.freepik.com_-1024x683-1-768x512.jpg 768w, https:\/\/abcbureautique.com\/wp-content\/uploads\/2022\/08\/\u00a9-rawpixel.com-www.freepik.com_-1024x683-1-300x200.jpg 300w, https:\/\/abcbureautique.com\/wp-content\/uploads\/2022\/08\/\u00a9-rawpixel.com-www.freepik.com_-1024x683-1.jpg 1024w\" sizes=\"(max-width: 768px) 100vw, 768px\" \/><\/a>\n\t\t\t<\/div><\/figure><figure class='gallery-item'>\n\t\t\t<div class='gallery-icon landscape'>\n\t\t\t\t<a data-elementor-open-lightbox=\"yes\" data-elementor-lightbox-slideshow=\"7db5ed8\" data-elementor-lightbox-title=\"\u00a9-katemangostar-fr.freepik.com_-1024x683\" data-e-action-hash=\"#elementor-action%3Aaction%3Dlightbox%26settings%3DeyJpZCI6OTYsInVybCI6Imh0dHBzOlwvXC9hYmNidXJlYXV0aXF1ZS5jb21cL3dwLWNvbnRlbnRcL3VwbG9hZHNcLzIwMjJcLzA4XC9cdTAwYTkta2F0ZW1hbmdvc3Rhci1mci5mcmVlcGlrLmNvbV8tMTAyNHg2ODMtMS5qcGciLCJzbGlkZXNob3ciOiI3ZGI1ZWQ4In0%3D\" href='https:\/\/abcbureautique.com\/wp-content\/uploads\/2022\/08\/\u00a9-katemangostar-fr.freepik.com_-1024x683-1.jpg'><img decoding=\"async\" width=\"768\" height=\"512\" src=\"https:\/\/abcbureautique.com\/wp-content\/uploads\/2022\/08\/\u00a9-katemangostar-fr.freepik.com_-1024x683-1-768x512.jpg\" class=\"attachment-medium_large size-medium_large\" alt=\"\" srcset=\"https:\/\/abcbureautique.com\/wp-content\/uploads\/2022\/08\/\u00a9-katemangostar-fr.freepik.com_-1024x683-1-768x512.jpg 768w, https:\/\/abcbureautique.com\/wp-content\/uploads\/2022\/08\/\u00a9-katemangostar-fr.freepik.com_-1024x683-1-300x200.jpg 300w, https:\/\/abcbureautique.com\/wp-content\/uploads\/2022\/08\/\u00a9-katemangostar-fr.freepik.com_-1024x683-1.jpg 1024w\" sizes=\"(max-width: 768px) 100vw, 768px\" \/><\/a>\n\t\t\t<\/div><\/figure>\n\t\t<\/div>\n\t\t<\/div>\n\t\t\t\t\t\t<\/div>\n\t\t\t\t<\/div>\n\t\t\t\t\t<\/div>\n\t\t<\/div>\n\t\t\t\t\t<\/div>\n\t\t<\/section>\n\t\t\t\t<section class=\"elementor-section elementor-top-section elementor-element elementor-element-458525d elementor-section-boxed elementor-section-height-default elementor-section-height-default\" data-id=\"458525d\" data-element_type=\"section\">\n\t\t\t\t\t\t<div class=\"elementor-container elementor-column-gap-default\">\n\t\t\t\t\t<div class=\"elementor-column elementor-col-100 elementor-top-column elementor-element elementor-element-c798eee\" data-id=\"c798eee\" data-element_type=\"column\">\n\t\t\t<div class=\"elementor-widget-wrap elementor-element-populated\">\n\t\t\t\t\t\t<div class=\"elementor-element elementor-element-f61bed3 elementor-widget elementor-widget-google_maps\" data-id=\"f61bed3\" data-element_type=\"widget\" data-widget_type=\"google_maps.default\">\n\t\t\t\t<div class=\"elementor-widget-container\">\n\t\t\t\t\t\t\t<div class=\"elementor-custom-embed\">\n\t\t\t<iframe loading=\"lazy\"\n\t\t\t\t\tsrc=\"https:\/\/maps.google.com\/maps?q=abc%20bureautique%20968%20cd15%2006390%20contes&#038;t=m&#038;z=17&#038;output=embed&#038;iwloc=near\"\n\t\t\t\t\ttitle=\"abc bureautique 968 cd15 06390 contes\"\n\t\t\t\t\taria-label=\"abc bureautique 968 cd15 06390 contes\"\n\t\t\t><\/iframe>\n\t\t<\/div>\n\t\t\t\t\t\t<\/div>\n\t\t\t\t<\/div>\n\t\t\t\t\t<\/div>\n\t\t<\/div>\n\t\t\t\t\t<\/div>\n\t\t<\/section>\n\t\t\t\t<\/div>\n\t\t","protected":false},"excerpt":{"rendered":"<p>Cr\u00e9\u00e9e en 1996 et localis\u00e9e sur la r\u00e9gion de NICE, ABC Bureautique est sp\u00e9cialis\u00e9e dans la vente,\u00a0location, r\u00e9paration, maintenance et installation (connexion en r\u00e9seau\u2026) de photocopieur, imprimantes (Noir\/Blanc et Couleur) toutes marques. \u00a0 Nos locaux se situent \u00e0 Contes, sur un site disposant d\u2019une surface de 130m\u00b2. Notre secteur d\u2019intervention s\u2019\u00e9tend \u00e0 tout le d\u00e9partement [&hellip;]<\/p>\n","protected":false},"author":1,"featured_media":0,"parent":0,"menu_order":0,"comment_status":"closed","ping_status":"closed","template":"","meta":{"footnotes":""},"class_list":["post-20","page","type-page","status-publish","hentry","entry"],"_links":{"self":[{"href":"https:\/\/abcbureautique.com\/index.php?rest_route=\/wp\/v2\/pages\/20","targetHints":{"allow":["GET"]}}],"collection":[{"href":"https:\/\/abcbureautique.com\/index.php?rest_route=\/wp\/v2\/pages"}],"about":[{"href":"https:\/\/abcbureautique.com\/index.php?rest_route=\/wp\/v2\/types\/page"}],"author":[{"embeddable":true,"href":"https:\/\/abcbureautique.com\/index.php?rest_route=\/wp\/v2\/users\/1"}],"replies":[{"embeddable":true,"href":"https:\/\/abcbureautique.com\/index.php?rest_route=%2Fwp%2Fv2%2Fcomments&post=20"}],"version-history":[{"count":10,"href":"https:\/\/abcbureautique.com\/index.php?rest_route=\/wp\/v2\/pages\/20\/revisions"}],"predecessor-version":[{"id":110,"href":"https:\/\/abcbureautique.com\/index.php?rest_route=\/wp\/v2\/pages\/20\/revisions\/110"}],"wp:attachment":[{"href":"https:\/\/abcbureautique.com\/index.php?rest_route=%2Fwp%2Fv2%2Fmedia&parent=20"}],"curies":[{"name":"wp","href":"https:\/\/api.w.org\/{rel}","templated":true}]}}